{"id":278,"date":"2024-06-19T22:15:02","date_gmt":"2024-06-19T20:15:02","guid":{"rendered":"https:\/\/neu.homm-longshort.com\/?page_id=278"},"modified":"2024-08-05T21:42:26","modified_gmt":"2024-08-05T19:42:26","slug":"florian-homm","status":"publish","type":"page","link":"https:\/\/homm-longshort.com\/index.php\/florian-homm\/","title":{"rendered":"\u00dcber Florian Homm"},"content":{"rendered":"\t\t<div data-elementor-type=\"wp-page\" data-elementor-id=\"278\" class=\"elementor elementor-278\" data-elementor-post-type=\"page\">\n\t\t\t\t<div class=\"elementor-element elementor-element-43746890 e-flex e-con-boxed e-con e-parent\" data-id=\"43746890\" data-element_type=\"container\">\n\t\t\t\t\t<div class=\"e-con-inner\">\n\t\t<div class=\"elementor-element elementor-element-3d68bf07 e-con-full e-flex elementor-invisible e-con e-child\" data-id=\"3d68bf07\" data-element_type=\"container\" data-settings=\"{&quot;animation&quot;:&quot;fadeInLeft&quot;}\">\n\t\t\t\t<div class=\"elementor-element elementor-element-6e0b0db elementor-widget elementor-widget-image\" data-id=\"6e0b0db\" data-element_type=\"widget\" data-widget_type=\"image.default\">\n\t\t\t\t<div class=\"elementor-widget-container\">\n\t\t\t\t\t\t\t\t\t\t\t\t\t\t\t<img fetchpriority=\"high\" decoding=\"async\" width=\"683\" height=\"1024\" src=\"https:\/\/homm-longshort.com\/wp-content\/uploads\/2024\/06\/DSC05703-683x1024.jpg\" class=\"attachment-large size-large wp-image-283\" alt=\"\" srcset=\"https:\/\/homm-longshort.com\/wp-content\/uploads\/2024\/06\/DSC05703-683x1024.jpg 683w, https:\/\/homm-longshort.com\/wp-content\/uploads\/2024\/06\/DSC05703-200x300.jpg 200w, https:\/\/homm-longshort.com\/wp-content\/uploads\/2024\/06\/DSC05703-768x1152.jpg 768w, https:\/\/homm-longshort.com\/wp-content\/uploads\/2024\/06\/DSC05703.jpg 800w\" sizes=\"(max-width: 683px) 100vw, 683px\" \/>\t\t\t\t\t\t\t\t\t\t\t\t\t\t\t<\/div>\n\t\t\t\t<\/div>\n\t\t\t\t<\/div>\n\t\t<div class=\"elementor-element elementor-element-361eddd3 e-con-full e-flex elementor-invisible e-con e-child\" data-id=\"361eddd3\" data-element_type=\"container\" data-settings=\"{&quot;animation&quot;:&quot;fadeInRight&quot;}\">\n\t\t\t\t<div class=\"elementor-element elementor-element-422bd48c elementor-widget elementor-widget-heading\" data-id=\"422bd48c\" data-element_type=\"widget\" data-widget_type=\"heading.default\">\n\t\t\t\t<div class=\"elementor-widget-container\">\n\t\t\t\t\t<h6 class=\"elementor-heading-title elementor-size-default\">\u00dcBER Florian homm<\/h6>\t\t\t\t<\/div>\n\t\t\t\t<\/div>\n\t\t\t\t<div class=\"elementor-element elementor-element-7b6a157f elementor-widget elementor-widget-heading\" data-id=\"7b6a157f\" data-element_type=\"widget\" data-widget_type=\"heading.default\">\n\t\t\t\t<div class=\"elementor-widget-container\">\n\t\t\t\t\t<h2 class=\"elementor-heading-title elementor-size-default\">Deutschlands bekanntester Hedgefonds-Manager.<\/h2>\t\t\t\t<\/div>\n\t\t\t\t<\/div>\n\t\t\t\t<div class=\"elementor-element elementor-element-1954f919 elementor-widget elementor-widget-text-editor\" data-id=\"1954f919\" data-element_type=\"widget\" data-widget_type=\"text-editor.default\">\n\t\t\t\t<div class=\"elementor-widget-container\">\n\t\t\t\t\t\t\t\t\t<p>In seiner Karriere wurde Homm unter anderem dreimal als Europas Hedgefonds-Manager des Jahres ausgezeichnet, war bester US-Spezialfondsmanager, mehrmals bester Europafonds- und Deutschlandfonds-Manager.&nbsp;<\/p>\n<p>Homm arbeitete als Analyst, Nostro-H\u00e4ndler und Fondsmanager unter anderem bei Merrill Lynch, Fidelity, Tweedy, Browne und dem Bankhaus Julius B\u00e4r, bevor er als Finanzunternehmer und Hedgefonds-Manager US-Dollar-Milliard\u00e4r wurde.<\/p>\t\t\t\t\t\t\t\t<\/div>\n\t\t\t\t<\/div>\n\t\t\t\t<div class=\"elementor-element elementor-element-27304af elementor-widget elementor-widget-image\" data-id=\"27304af\" data-element_type=\"widget\" data-widget_type=\"image.default\">\n\t\t\t\t<div class=\"elementor-widget-container\">\n\t\t\t\t\t\t\t\t\t\t\t\t\t\t\t<img decoding=\"async\" width=\"800\" height=\"93\" src=\"https:\/\/homm-longshort.com\/wp-content\/uploads\/2024\/06\/640748348405b1839b581835_Freistellen_weiss-1.png\" class=\"attachment-large size-large wp-image-298\" alt=\"\" srcset=\"https:\/\/homm-longshort.com\/wp-content\/uploads\/2024\/06\/640748348405b1839b581835_Freistellen_weiss-1.png 900w, https:\/\/homm-longshort.com\/wp-content\/uploads\/2024\/06\/640748348405b1839b581835_Freistellen_weiss-1-300x35.png 300w, https:\/\/homm-longshort.com\/wp-content\/uploads\/2024\/06\/640748348405b1839b581835_Freistellen_weiss-1-768x90.png 768w\" sizes=\"(max-width: 800px) 100vw, 800px\" \/>\t\t\t\t\t\t\t\t\t\t\t\t\t\t\t<\/div>\n\t\t\t\t<\/div>\n\t\t\t\t<div class=\"elementor-element elementor-element-fefb77e elementor-widget elementor-widget-text-editor\" data-id=\"fefb77e\" data-element_type=\"widget\" data-widget_type=\"text-editor.default\">\n\t\t\t\t<div class=\"elementor-widget-container\">\n\t\t\t\t\t\t\t\t\t<p>Seine positive, absolute und relative Performance in den B\u00f6rsencrashs 1987, 2002 sowie in den Korrekturen 1990 und 1994 ist in Europa einzigartig. Seine erfolgreichen Baisse-Spekulationen bei Bremer Vulkan, MLP und WCM sind bestens dokumentiert.\u00a0<\/p>\t\t\t\t\t\t\t\t<\/div>\n\t\t\t\t<\/div>\n\t\t\t\t<div class=\"elementor-element elementor-element-90c7380 elementor-widget elementor-widget-image\" data-id=\"90c7380\" data-element_type=\"widget\" data-widget_type=\"image.default\">\n\t\t\t\t<div class=\"elementor-widget-container\">\n\t\t\t\t\t\t\t\t\t\t\t\t\t\t\t<img decoding=\"async\" width=\"430\" height=\"51\" src=\"https:\/\/homm-longshort.com\/wp-content\/uploads\/2024\/06\/5e4929d99ce534740468f74c_FH-unterschrift-1.png\" class=\"attachment-large size-large wp-image-299\" alt=\"\" srcset=\"https:\/\/homm-longshort.com\/wp-content\/uploads\/2024\/06\/5e4929d99ce534740468f74c_FH-unterschrift-1.png 430w, https:\/\/homm-longshort.com\/wp-content\/uploads\/2024\/06\/5e4929d99ce534740468f74c_FH-unterschrift-1-300x36.png 300w\" sizes=\"(max-width: 430px) 100vw, 430px\" \/>\t\t\t\t\t\t\t\t\t\t\t\t\t\t\t<\/div>\n\t\t\t\t<\/div>\n\t\t\t\t<\/div>\n\t\t\t\t\t<\/div>\n\t\t\t\t<\/div>\n\t\t<div class=\"elementor-element elementor-element-148a023 e-flex e-con-boxed e-con e-parent\" data-id=\"148a023\" data-element_type=\"container\">\n\t\t\t\t\t<div class=\"e-con-inner\">\n\t\t<div class=\"elementor-element elementor-element-3ef84642 e-con-full e-flex e-con e-child\" data-id=\"3ef84642\" data-element_type=\"container\">\n\t\t\t\t<div class=\"elementor-element elementor-element-4b9285f1 elementor-widget elementor-widget-heading\" data-id=\"4b9285f1\" data-element_type=\"widget\" data-widget_type=\"heading.default\">\n\t\t\t\t<div class=\"elementor-widget-container\">\n\t\t\t\t\t<h3 class=\"elementor-heading-title elementor-size-default\">Pers\u00f6nliche Nachricht<\/h3>\t\t\t\t<\/div>\n\t\t\t\t<\/div>\n\t\t\t\t<div class=\"elementor-element elementor-element-52304fa2 elementor-widget elementor-widget-text-editor\" data-id=\"52304fa2\" data-element_type=\"widget\" data-widget_type=\"text-editor.default\">\n\t\t\t\t<div class=\"elementor-widget-container\">\n\t\t\t\t\t\t\t\t\t<div class=\"text-block-151\" style=\"text-align: center;\">&#8222;Nach einem Vierteljahrhundert im Bereich der Ultra-Verm\u00f6genden, sehe ich es einfach nicht mehr als meine Aufgabe, die Super-Reichen noch reicher zu machen. Warum sollte ich mich wieder daf\u00fcr einsetzen, dass der Geld- und Industrieadel noch mehr an Reichtum und Macht gewinnt? Ich finde die Aufgabe eher langweilig, ich habe sie sehr lange gemacht und sie ergibt f\u00fcr mich wirklich keinen h\u00f6heren Sinn.<\/div><div class=\"text-block-142-copy\"><p style=\"text-align: center;\">Privatanleger davor zu bewahren, wie die L\u00e4mmer zum Wertschriften-Schlachthof gef\u00fchrt zu werden, erachte ich als sinnvoller und wertvoller. Es geht darum, Ihnen ein erschwingliches Produkt zur Verf\u00fcgung zu stellen: Etwas mit \u201eTotal-Return\u201c. Sie k\u00f6nnen es sich nicht leisten, mit \u201eBuy&amp; Hold\u201c in einen Crash zu geraten und in Ihrem Depot nicht diversifiziert zu sein.<\/p><p style=\"text-align: center;\">Ich erachte es als wichtig, dass der Privatinvestor die kommende Wirtschafts- und Finanzkrise ohne enorme Verluste meistert. Mit meinem B\u00f6rsenbrief erhalten Sie praktisch drei Jahrzehnte Kapitalmarkt-Insiderwissen in ein breites Publikum. Das ist in dieser Form im deutschsprachigen Raum wirklich einzigartig.<\/p><p style=\"text-align: center;\"><strong>Ich bin zur\u00fcck im Markt, doch nicht f\u00fcr den Geldadel. Ich bin zur\u00fcck f\u00fcr den privaten Investor. Denn er hat die Verpflichtung, sich in guten und schlechten Zeiten, um seine N\u00e4chsten und Liebsten zu k\u00fcmmern. Ich m\u00f6chte mit meinem Tun dazu beitragen, dass das auch funktioniert!<\/strong><\/p><p style=\"text-align: center;\">Ich bedanke mich ganz herzlich f\u00fcr Ihr Interesse und freue mich auf eine langj\u00e4hrige und sehr erfolgreiche Zusammenarbeit!&#8220;<\/p><\/div>\t\t\t\t\t\t\t\t<\/div>\n\t\t\t\t<\/div>\n\t\t\t\t<\/div>\n\t\t\t\t\t<\/div>\n\t\t\t\t<\/div>\n\t\t\t\t<\/div>\n\t\t","protected":false},"excerpt":{"rendered":"<p>\u00dcBER Florian homm Deutschlands bekanntester Hedgefonds-Manager. In seiner Karriere wurde Homm unter anderem dreimal als Europas Hedgefonds-Manager des Jahres ausgezeichnet, war bester US-Spezialfondsmanager, mehrmals bester Europafonds- und Deutschlandfonds-Manager.&nbsp; Homm arbeitete als Analyst, Nostro-H\u00e4ndler und Fondsmanager unter anderem bei Merrill Lynch, Fidelity, Tweedy, Browne und dem Bankhaus Julius B\u00e4r, bevor er als Finanzunternehmer und Hedgefonds-Manager US-Dollar-Milliard\u00e4r [&hellip;]<\/p>\n","protected":false},"author":1,"featured_media":0,"parent":0,"menu_order":0,"comment_status":"closed","ping_status":"closed","template":"elementor_header_footer","meta":{"footnotes":""},"class_list":["post-278","page","type-page","status-publish","hentry"],"_links":{"self":[{"href":"https:\/\/homm-longshort.com\/index.php\/wp-json\/wp\/v2\/pages\/278","targetHints":{"allow":["GET"]}}],"collection":[{"href":"https:\/\/homm-longshort.com\/index.php\/wp-json\/wp\/v2\/pages"}],"about":[{"href":"https:\/\/homm-longshort.com\/index.php\/wp-json\/wp\/v2\/types\/page"}],"author":[{"embeddable":true,"href":"https:\/\/homm-longshort.com\/index.php\/wp-json\/wp\/v2\/users\/1"}],"replies":[{"embeddable":true,"href":"https:\/\/homm-longshort.com\/index.php\/wp-json\/wp\/v2\/comments?post=278"}],"version-history":[{"count":15,"href":"https:\/\/homm-longshort.com\/index.php\/wp-json\/wp\/v2\/pages\/278\/revisions"}],"predecessor-version":[{"id":539,"href":"https:\/\/homm-longshort.com\/index.php\/wp-json\/wp\/v2\/pages\/278\/revisions\/539"}],"wp:attachment":[{"href":"https:\/\/homm-longshort.com\/index.php\/wp-json\/wp\/v2\/media?parent=278"}],"curies":[{"name":"wp","href":"https:\/\/api.w.org\/{rel}","templated":true}]}}